{"id":2266,"date":"2023-08-02T00:02:22","date_gmt":"2023-08-01T22:02:22","guid":{"rendered":"http:\/\/cie-noesis.org\/v2\/?page_id=2266"},"modified":"2026-01-13T01:46:28","modified_gmt":"2026-01-13T00:46:28","slug":"mediationaccueil","status":"publish","type":"page","link":"https:\/\/cie-noesis.org\/v2\/mediationaccueil\/","title":{"rendered":"Ce \u00e0 quoi nous tenons-accueil"},"content":{"rendered":"\n<h1 class=\" wp-block-heading has-roboto-font-family has-custom-font has-custom-weight eplus-wrapper\" style=\"font-family:Roboto;font-weight:normal\">Ce \u00e0 quoi nous tenons <\/h1>\n\n\n\n<div class=\"wp-block-group eplus-wrapper is-nowrap is-layout-flex wp-container-core-group-is-layout-ad2f72ca wp-block-group-is-layout-flex\">\n<h4 class=\" wp-block-heading has-roboto-font-family has-custom-font has-custom-weight eplus-wrapper\" style=\"font-family:Roboto;font-weight:100\"><mark style=\"background-color:rgba(0, 0, 0, 0)\" class=\"has-inline-color has-primary-color\">Pr\u00e9sentation du projet<\/mark><\/h4>\n<\/div>\n\n\n\n<p class=\" has-roboto-font-family has-custom-font has-custom-lineheight eplus-wrapper\" style=\"font-family:Roboto;line-height:1.5\"><br><mark style=\"background-color:rgba(0, 0, 0, 0)\" class=\"has-inline-color has-secondary-color\">Port\u00e9 par <strong>Flora Pilet<\/strong>, chor\u00e9graphe et co-directrice de la compagnie <strong>Noesis<\/strong>, ce projet s\u2019inscrit dans une recherche artistique au long cours qui interroge la place et la repr\u00e9sentation du corps des femmes \u00e0 l\u2019aune des <strong>pens\u00e9es \u00e9cof\u00e9ministes<\/strong>, en articulant exp\u00e9rience corporelle, attention au vivant et enjeux \u00e9cologiques.<br><br>Cette recherche se d\u00e9ploie \u00e0 la fois dans des \u0153uvres chor\u00e9graphiques \u2014 <a href=\"https:\/\/cie-noesis.org\/v2\/echo\/\" data-type=\"page\" data-id=\"484\"><em>EC(h)Os, rituel chor\u00e9graphique de r\u00e9paration<\/em> (2021)<\/a>,<a href=\"https:\/\/cie-noesis.org\/v2\/francoise\/\" data-type=\"page\" data-id=\"2322\"><em>Nous, Fran\u00e7oise<\/em> (2023)<\/a> \u2014 et dans l\u2019invention de <strong>nouvelles formes de m\u00e9diation artistique<\/strong>, dont le projet <em>Ce \u00e0 quoi nous tenons<\/em> est l\u2019un des aboutissements.<br><br>Inspir\u00e9 du dispositif <a href=\"https:\/\/www.cnd.fr\/fr\/page\/2163-archives-imagine\"><strong>IMAGINE<\/strong> <\/a>du Centre national de la danse, le projet prend la <strong>danse comme point de d\u00e9part d\u2019une mise en mouvement<\/strong> plus large, favorisant la circulation entre diff\u00e9rents types de savoirs : savoir-sentir, savoir-faire et savoir-dire. Il s\u2019appuie pour cela sur une diversit\u00e9 de pratiques et de formats.<\/mark><\/p>\n\n\n\n<p class=\" has-roboto-font-family has-custom-font has-custom-lineheight eplus-wrapper\" style=\"font-family:Roboto;line-height:1.5\"><\/p>\n\n\n\n<h4 class=\" wp-block-heading has-roboto-font-family has-custom-font has-custom-weight eplus-wrapper\" style=\"font-family:Roboto;font-weight:100\">Intentions et enjeux<\/h4>\n\n\n\n<p class=\" has-roboto-font-family has-custom-font has-custom-lineheight eplus-wrapper\" style=\"font-family:Roboto;line-height:1.5\"><mark style=\"background-color:rgba(0, 0, 0, 0)\" class=\"has-inline-color has-secondary-color\">L\u2019intention principale est de <strong>cr\u00e9er du lien<\/strong>, de rompre des situations d\u2019isolement et d\u2019accompagner les participantes vers une <strong>reconqu\u00eate de la mobilit\u00e9<\/strong>, corporelle comme existentielle. Les pratiques propos\u00e9es participent \u00e0 la <strong>valorisation de l\u2019image de soi<\/strong> et peuvent constituer un appui dans des processus de <strong>reconstruction personnelle<\/strong>, notamment pour des femmes ayant v\u00e9cu des violences.<\/mark><\/p>\n\n\n\n<p class=\" has-roboto-font-family has-custom-font has-custom-lineheight eplus-wrapper\" style=\"font-family:Roboto;line-height:1.5\"><\/p>\n\n\n\n<h4 class=\" wp-block-heading has-roboto-font-family has-custom-font has-custom-weight eplus-wrapper\" style=\"font-family:Roboto;font-weight:100\">D\u00e9roulement du projet<\/h4>\n\n\n\n<p class=\" has-roboto-font-family has-custom-font has-custom-lineheight eplus-wrapper\" style=\"font-family:Roboto;line-height:1.5\"><mark style=\"background-color:rgba(0, 0, 0, 0)\" class=\"has-inline-color has-secondary-color\">Tout au long du parcours, le groupe est accompagn\u00e9 par un <strong>bin\u00f4me compos\u00e9 de Flora Pilet et d\u2019une intervenante<\/strong>, issue du champ chor\u00e9graphique ou des pratiques somatiques.<br>La pratique chor\u00e9graphique r\u00e9guli\u00e8re est enrichie par d\u2019autres exp\u00e9riences :<br>visites de mus\u00e9es, lectures autour de l\u2019histoire du <em>souci de soi<\/em>, dispositifs d\u2019analyse d\u2019images de femmes, rencontres autour de l\u2019\u00e9cof\u00e9minisme, ateliers li\u00e9s aux plantes m\u00e9dicinales, etc.<br>Ces propositions crois\u00e9es nourrissent une approche sensible, r\u00e9flexive et collective.<\/mark><\/p>\n\n\n\n<p class=\" has-roboto-font-family has-custom-font has-custom-lineheight eplus-wrapper\" style=\"font-family:Roboto;line-height:1.5\"><\/p>\n\n\n\n<h4 class=\" wp-block-heading has-roboto-font-family has-custom-font has-custom-weight eplus-wrapper\" style=\"font-family:Roboto;font-weight:100\">Un espace de sororit\u00e9 et de transmission<\/h4>\n\n\n\n<p class=\" has-roboto-font-family has-custom-font has-custom-lineheight eplus-wrapper\" style=\"font-family:Roboto;line-height:1.5\"><mark style=\"background-color:rgba(0, 0, 0, 0)\" class=\"has-inline-color has-secondary-color\">D\u00e9velopp\u00e9 par la compagnie Noesis, le projet <em>Ce \u00e0 quoi nous tenons<\/em> ouvre un <strong>espace de sororit\u00e9<\/strong> r\u00e9unissant des femmes de diff\u00e9rentes origines sociales, culturelles et g\u00e9n\u00e9rationnelles. Ensemble, elles exp\u00e9rimentent la vuln\u00e9rabilit\u00e9 comme <strong>ressource partag\u00e9e<\/strong> et inventent un <strong>espace de soin collectif<\/strong>, fond\u00e9 sur l\u2019\u00e9coute, l\u2019\u00e9change et la circulation des savoirs.<br>Le projet permet enfin \u00e0 chacune de <strong>nommer et affirmer ce \u00e0 quoi elle tient<\/strong>, pour elle-m\u00eame et pour sa vie.<\/mark><\/p>\n\n\n\n<div class=\"wp-block-uagb-container uagb-block-b0bb6e25 alignfull uagb-is-root-container\"><div class=\"uagb-container-inner-blocks-wrap\">\n<div class=\"wp-block-uagb-container uagb-block-d66c446b\">\n<h2 class=\" wp-block-heading has-roboto-font-family has-custom-font has-custom-weight eplus-wrapper\" style=\"font-family:Roboto;font-weight:100\">\u00c9DITION 2024<\/h2>\n<\/div>\n\n\n\n<div class=\"wp-block-uagb-container uagb-block-dbf18909\">\n<figure class=\" wp-block-image size-large eplus-wrapper\"><a href=\"http:\/\/cie-noesis.org\/v2\/tenir23\/\"><img loading=\"lazy\" decoding=\"async\" width=\"1024\" height=\"681\" src=\"http:\/\/cie-noesis.org\/v2\/wp-content\/uploads\/2023\/08\/CAQNTb-83-small-1024x681.png\" alt=\"\" class=\"wp-image-2169\" srcset=\"https:\/\/cie-noesis.org\/v2\/wp-content\/uploads\/2023\/08\/CAQNTb-83-small-1024x681.png 1024w, https:\/\/cie-noesis.org\/v2\/wp-content\/uploads\/2023\/08\/CAQNTb-83-small-300x200.png 300w, https:\/\/cie-noesis.org\/v2\/wp-content\/uploads\/2023\/08\/CAQNTb-83-small-768x511.png 768w, https:\/\/cie-noesis.org\/v2\/wp-content\/uploads\/2023\/08\/CAQNTb-83-small-500x333.png 500w, https:\/\/cie-noesis.org\/v2\/wp-content\/uploads\/2023\/08\/CAQNTb-83-small-800x532.png 800w, https:\/\/cie-noesis.org\/v2\/wp-content\/uploads\/2023\/08\/CAQNTb-83-small-1280x851.png 1280w, https:\/\/cie-noesis.org\/v2\/wp-content\/uploads\/2023\/08\/CAQNTb-83-small.png 1329w\" sizes=\"auto, (max-width: 1024px) 100vw, 1024px\" \/><\/a><\/figure>\n<\/div>\n\n\n\n<div class=\"wp-block-uagb-container uagb-block-3cf5925d\">\n<figure class=\" wp-block-image size-large eplus-wrapper\"><a href=\"http:\/\/cie-noesis.org\/v2\/tenir22\/\"><img loading=\"lazy\" decoding=\"async\" width=\"1024\" height=\"576\" src=\"http:\/\/cie-noesis.org\/v2\/wp-content\/uploads\/2022\/10\/vlcsnap-2022-10-14-10h31m18s569-1024x576.png\" alt=\"\" class=\"wp-image-1886\" srcset=\"https:\/\/cie-noesis.org\/v2\/wp-content\/uploads\/2022\/10\/vlcsnap-2022-10-14-10h31m18s569-1024x576.png 1024w, https:\/\/cie-noesis.org\/v2\/wp-content\/uploads\/2022\/10\/vlcsnap-2022-10-14-10h31m18s569-300x169.png 300w, https:\/\/cie-noesis.org\/v2\/wp-content\/uploads\/2022\/10\/vlcsnap-2022-10-14-10h31m18s569-768x432.png 768w, https:\/\/cie-noesis.org\/v2\/wp-content\/uploads\/2022\/10\/vlcsnap-2022-10-14-10h31m18s569-1536x864.png 1536w, https:\/\/cie-noesis.org\/v2\/wp-content\/uploads\/2022\/10\/vlcsnap-2022-10-14-10h31m18s569-500x281.png 500w, https:\/\/cie-noesis.org\/v2\/wp-content\/uploads\/2022\/10\/vlcsnap-2022-10-14-10h31m18s569-800x450.png 800w, https:\/\/cie-noesis.org\/v2\/wp-content\/uploads\/2022\/10\/vlcsnap-2022-10-14-10h31m18s569-1280x720.png 1280w, https:\/\/cie-noesis.org\/v2\/wp-content\/uploads\/2022\/10\/vlcsnap-2022-10-14-10h31m18s569.png 1920w\" sizes=\"auto, (max-width: 1024px) 100vw, 1024px\" \/><\/a><\/figure>\n<\/div>\n\n\n\n<div class=\"wp-block-uagb-container uagb-block-a7d97f4a\">\n<p class=\" has-roboto-font-family has-custom-font has-custom-weight eplus-wrapper\" style=\"font-family:Roboto;font-weight:normal\">\u00e0 venir<\/p>\n<\/div>\n\n\n\n<div class=\"wp-block-uagb-container uagb-block-80820963\">\n<p class=\" has-roboto-font-family has-custom-font has-custom-weight has-custom-lineheight eplus-wrapper\" style=\"font-family:Roboto;line-height:1.5;font-weight:normal\">L&#8217;\u00e9dition 2023 s&#8217;est d\u00e9roul\u00e9e du 20 au 31 mars 2023.<br>Retrouver ici les t\u00e9moignages de cette aventure.<\/p>\n<\/div>\n\n\n\n<div class=\"wp-block-uagb-container uagb-block-a96282b0\">\n<p class=\" has-roboto-font-family has-custom-font has-custom-weight has-custom-lineheight eplus-wrapper\" style=\"font-family:Roboto;line-height:1.5;font-weight:normal\">L&#8217;\u00e9dition 2022 \u00e9tait une \u00e9dition exp\u00e9rimentale qui s&#8217;est d\u00e9roul\u00e9e sur une semaine du 21 au 25 f\u00e9vrier 2022.<\/p>\n<\/div>\n<\/div><\/div>\n\n\n<figure class=\"wp-block-post-featured-image\"><img loading=\"lazy\" decoding=\"async\" width=\"3307\" height=\"2047\" src=\"https:\/\/cie-noesis.org\/v2\/wp-content\/uploads\/2023\/08\/CAENmag_228_pages-SOCIETE-1-of-1.png\" class=\"attachment-post-thumbnail size-post-thumbnail wp-post-image\" alt=\"\" style=\"object-fit:cover;\" srcset=\"https:\/\/cie-noesis.org\/v2\/wp-content\/uploads\/2023\/08\/CAENmag_228_pages-SOCIETE-1-of-1.png 3307w, https:\/\/cie-noesis.org\/v2\/wp-content\/uploads\/2023\/08\/CAENmag_228_pages-SOCIETE-1-of-1-300x186.png 300w, https:\/\/cie-noesis.org\/v2\/wp-content\/uploads\/2023\/08\/CAENmag_228_pages-SOCIETE-1-of-1-1024x634.png 1024w, https:\/\/cie-noesis.org\/v2\/wp-content\/uploads\/2023\/08\/CAENmag_228_pages-SOCIETE-1-of-1-768x475.png 768w, https:\/\/cie-noesis.org\/v2\/wp-content\/uploads\/2023\/08\/CAENmag_228_pages-SOCIETE-1-of-1-1536x951.png 1536w, https:\/\/cie-noesis.org\/v2\/wp-content\/uploads\/2023\/08\/CAENmag_228_pages-SOCIETE-1-of-1-2048x1268.png 2048w, https:\/\/cie-noesis.org\/v2\/wp-content\/uploads\/2023\/08\/CAENmag_228_pages-SOCIETE-1-of-1-500x309.png 500w, https:\/\/cie-noesis.org\/v2\/wp-content\/uploads\/2023\/08\/CAENmag_228_pages-SOCIETE-1-of-1-800x495.png 800w, https:\/\/cie-noesis.org\/v2\/wp-content\/uploads\/2023\/08\/CAENmag_228_pages-SOCIETE-1-of-1-1280x792.png 1280w, https:\/\/cie-noesis.org\/v2\/wp-content\/uploads\/2023\/08\/CAENmag_228_pages-SOCIETE-1-of-1-1920x1188.png 1920w\" sizes=\"auto, (max-width: 3307px) 100vw, 3307px\" \/><\/figure>","protected":false},"excerpt":{"rendered":"<p>Ce \u00e0 quoi nous tenons Pr\u00e9sentation du projet Port\u00e9 par Flora Pilet, chor\u00e9graphe et co-directrice de la compagnie Noesis, ce projet s\u2019inscrit dans une recherche artistique au long cours qui interroge la place et la repr\u00e9sentation du corps des femmes \u00e0 l\u2019aune des pens\u00e9es \u00e9cof\u00e9ministes, en articulant exp\u00e9rience corporelle, attention au vivant et enjeux \u00e9cologiques. [&hellip;]<\/p>\n","protected":false},"author":1,"featured_media":2312,"parent":0,"menu_order":0,"comment_status":"closed","ping_status":"closed","template":"","meta":{"_coblocks_attr":"Roboto,Roboto","_coblocks_dimensions":"","_coblocks_responsive_height":"","_coblocks_accordion_ie_support":"","_uag_custom_page_level_css":"","editor_plus_copied_stylings":"{}","hide_page_title":"enabled","footnotes":""},"class_list":["post-2266","page","type-page","status-publish","has-post-thumbnail","hentry"],"uagb_featured_image_src":{"full":["https:\/\/cie-noesis.org\/v2\/wp-content\/uploads\/2023\/08\/CAENmag_228_pages-SOCIETE-1-of-1.png",3307,2047,false],"thumbnail":["https:\/\/cie-noesis.org\/v2\/wp-content\/uploads\/2023\/08\/CAENmag_228_pages-SOCIETE-1-of-1-150x150.png",150,150,true],"medium":["https:\/\/cie-noesis.org\/v2\/wp-content\/uploads\/2023\/08\/CAENmag_228_pages-SOCIETE-1-of-1-300x186.png",300,186,true],"medium_large":["https:\/\/cie-noesis.org\/v2\/wp-content\/uploads\/2023\/08\/CAENmag_228_pages-SOCIETE-1-of-1-768x475.png",660,408,true],"large":["https:\/\/cie-noesis.org\/v2\/wp-content\/uploads\/2023\/08\/CAENmag_228_pages-SOCIETE-1-of-1-1024x634.png",660,409,true],"1536x1536":["https:\/\/cie-noesis.org\/v2\/wp-content\/uploads\/2023\/08\/CAENmag_228_pages-SOCIETE-1-of-1-1536x951.png",1536,951,true],"2048x2048":["https:\/\/cie-noesis.org\/v2\/wp-content\/uploads\/2023\/08\/CAENmag_228_pages-SOCIETE-1-of-1-2048x1268.png",2048,1268,true],"awb_sm":["https:\/\/cie-noesis.org\/v2\/wp-content\/uploads\/2023\/08\/CAENmag_228_pages-SOCIETE-1-of-1-500x309.png",500,309,true],"awb_md":["https:\/\/cie-noesis.org\/v2\/wp-content\/uploads\/2023\/08\/CAENmag_228_pages-SOCIETE-1-of-1-800x495.png",800,495,true],"awb_lg":["https:\/\/cie-noesis.org\/v2\/wp-content\/uploads\/2023\/08\/CAENmag_228_pages-SOCIETE-1-of-1-1280x792.png",1280,792,true],"awb_xl":["https:\/\/cie-noesis.org\/v2\/wp-content\/uploads\/2023\/08\/CAENmag_228_pages-SOCIETE-1-of-1-1920x1188.png",1920,1188,true]},"uagb_author_info":{"display_name":"noesis","author_link":"https:\/\/cie-noesis.org\/v2\/author\/noesis\/"},"uagb_comment_info":0,"uagb_excerpt":"Ce \u00e0 quoi nous tenons Pr\u00e9sentation du projet Port\u00e9 par Flora Pilet, chor\u00e9graphe et co-directrice de la compagnie Noesis, ce projet s\u2019inscrit dans une recherche artistique au long cours qui interroge la place et la repr\u00e9sentation du corps des femmes \u00e0 l\u2019aune des pens\u00e9es \u00e9cof\u00e9ministes, en articulant exp\u00e9rience corporelle, attention au vivant et enjeux \u00e9cologiques.\u2026","_links":{"self":[{"href":"https:\/\/cie-noesis.org\/v2\/wp-json\/wp\/v2\/pages\/2266","targetHints":{"allow":["GET"]}}],"collection":[{"href":"https:\/\/cie-noesis.org\/v2\/wp-json\/wp\/v2\/pages"}],"about":[{"href":"https:\/\/cie-noesis.org\/v2\/wp-json\/wp\/v2\/types\/page"}],"author":[{"embeddable":true,"href":"https:\/\/cie-noesis.org\/v2\/wp-json\/wp\/v2\/users\/1"}],"replies":[{"embeddable":true,"href":"https:\/\/cie-noesis.org\/v2\/wp-json\/wp\/v2\/comments?post=2266"}],"version-history":[{"count":39,"href":"https:\/\/cie-noesis.org\/v2\/wp-json\/wp\/v2\/pages\/2266\/revisions"}],"predecessor-version":[{"id":6917,"href":"https:\/\/cie-noesis.org\/v2\/wp-json\/wp\/v2\/pages\/2266\/revisions\/6917"}],"wp:featuredmedia":[{"embeddable":true,"href":"https:\/\/cie-noesis.org\/v2\/wp-json\/wp\/v2\/media\/2312"}],"wp:attachment":[{"href":"https:\/\/cie-noesis.org\/v2\/wp-json\/wp\/v2\/media?parent=2266"}],"curies":[{"name":"wp","href":"https:\/\/api.w.org\/{rel}","templated":true}]}}